 q = 228 + -233. Let o(r) = -4 + r**3 + 6*r**2 - 2*r**3 + 3*r + 2*r**3. What is o(q)?
6
Let j(p) be the first derivative of p**4/4 + p**3 + 3*p**2/2 - 2*p - 5. What is j(-3)?
-11
Let m(s) = -4*s + 5. Let t(p) = -p + 2. Let j(k) = 2*m(k) - 7*t(k). Let z be j(-3). Let a(c) = -6*c**3 + c. Determine a(z).
5
Let p(k) = -2*k - 4. Let o be p(-5). Suppose -c = -0*c + o. Let m(w) = w + 2. What is m(c)?
-4
Suppose 4*l + 1 = 9. Let z(x) be the third derivative of x**5/60 + x**4/24 - x**3/6 - 9*x**2. Calculate z(l).
5
Let j(c) = -3*c**3 + 4*c**2 + 2*c - 2. Let l(m) = -2*m**3 + 4*m**2 + m - 1. Let s(q) = 3*j(q) - 4*l(q). Determine s(-4).
-10
Let i be ((-15)/10)/(3/(-6) - 0). Let h(j) = 9*j**3 - 11*j**2 + 5*j - 13. Let a(n) = 5*n**3 - 6*n**2 + 3*n - 7. Let s(w) = 7*a(w) - 4*h(w). What is s(i)?
-3
Let b(j) = 24*j**3 - 25*j**3 + 19 - 26 + 6*j**2. Determine b(6).
-7
Let n(p) = -p**3 + 6*p**2 - 5*p + 4. Suppose 0 = -4*h + 16, 3*d = -2*h + 8 + 15. Calculate n(d).
4
Let y = 2 + -3. Let f(k) = -k**3 + k**2 + k + 3. Let l(t) = 2*t - t**2 + t**2 - 3*t**3 + 2*t**2 + 7. Let b(w) = 5*f(w) - 2*l(w). Calculate b(y).
0
Let d(o) = -8*o**2 - 3*o - 2. Let m(s) = 7*s**2 + 3*s + 2. Let p(g) = 6*d(g) + 7*m(g). Let w be (-2)/(-4)*(-2 - 2). Give p(w).
0
Suppose 3*j + 2*k - 4 = k, -4 = -2*j - 2*k. Let l(u) = 7*u**2 - u + 1. Calculate l(j).
7
Suppose -2*i - 4 + 2 = 0. Let t = i + 5. Let f(p) be the first derivative of p**4/4 - 4*p**3/3 - 1. Give f(t).
0
Let o(l) be the third derivative of -l**4/4 - l**3/6 - 40*l**2. Give o(-3).
17
Let d(p) = p**2 - 2*p - 1. Let n be d(3). Let g(a) = a**3 - n*a + a + a + a**2 - 11. Determine g(0).
-11
Let p = 8 - 3. Let x(q) = 2*q + 1. Let k be x(1). Suppose -5*m - k = -2*n, 0 = -n - 4*m - p. Let h(o) = -3*o**3 - 2*o**2 + 1. Give h(n).
2
Let s(g) = 2*g**3 - g**2 + g + 1. Suppose -4*w + 4*y = 24, 3*w + w - 2*y + 14 = 0. What is s(w)?
-3
Suppose 0*h + n + 25 = 5*h, -3*h = 2*n - 28. Let k be (h + -8)/((-2)/3). Let t(v) = v**2 - 2*v - 3. Calculate t(k).
0
Let c be 1/(-3*(-2)/18). Let p(q) = -6*q + q**c + 3*q - 3 + 2*q. Let w = 0 + 0. Give p(w).
-3
Let h(v) be the first derivative of 1/20*v**5 + 2 - 1/6*v**3 - v - 1/4*v**4 - 3/2*v**2. Let i(y) be the first derivative of h(y). Determine i(4).
9
Let y be 4/18 - (-448)/(-72). Let a(k) = 4 + 0 - 1 - 1 - k. What is a(y)?
8
Let o(j) = -2*j + 4. Suppose -3*k = -s + 4*s - 9, 5 = k - s. Give o(k).
-4
Let b(c) = 0 - c + 3 + 13*c. Let n(x) be the first derivative of 2*x**2 + x + 1. Let u(i) = -4*b(i) + 11*n(i). Give u(-2).
7
Let g = 5 - 11. Let q(s) = 7*s**2 + 3*s - 9. Let z(m) = -4*m**2 - m + 4. Let k(v) = -3*q(v) - 5*z(v). What is k(g)?
-5
Let o(c) = -c**2 + 6*c - 5. Let i(m) = -m**2 + 24. Let p be i(0). Let l = p - 18. What is o(l)?
-5
Let x = 89 - 85. Let c(w) = w**3 - 4*w**2 - w - 1. What is c(x)?
-5
Let o(c) be the third derivative of -c**5/60 + c**4/4 - c**3 + c**2. Give o(4).
2
Let g(p) = -p + 7. Let x(r) = -2*r + 10. Let q be x(5). Suppose 5*y - 7 = 5*f + 38, q = -3*y - 5*f + 3. Determine g(y).
1
Let y(s) be the third derivative of s**7/5040 - s**6/144 - s**5/20 + s**2. Let z(o) be the third derivative of y(o). Give z(4).
-1
Suppose 28 - 4 = -6*b. Let o(z) = -z - 1. Let n(y) = -1. Let c(l) = 3*n(l) + o(l). Calculate c(b).
0
Suppose 2*j - 30 = -34. Let f(x) = x. Give f(j).
-2
Let j(x) = x**3 + 7*x**2 + 5*x - 4. Let s be j(-6). Let h(c) = 5*c**2 - 21*c. Let k(u) = u**2 - 4*u. Let a(n) = -2*h(n) + 11*k(n). What is a(s)?
0
Let v be 2 + (-3)/1 - -6. Suppose 2*p = 4*b - 16, v*p - 3*b + 6 - 1 = 0. Let j(z) = -5*z**2 + p - 1 - z - z**2. Determine j(1).
-6
Let l be 52/(-14) - (-20)/(-70). Let t(h) = h + 5. What is t(l)?
1
Let h(b) be the third derivative of -b**6/15 + b**3/6 - 24*b**2. Determine h(1).
-7
Let k(y) = -y**3 - 5*y**2 + y - 1. Suppose 3*f = -12 - 24. Let j = f + 7. Determine k(j).
-6
Let o(v) = 6*v**2 - v - 10. Let h(r) = -r**2 + r + 1. Let c(d) = -5*h(d) - o(d). Calculate c(-5).
0
Let x(r) = r**3 - 4*r**2 - 7*r - 2. Let s(l) = l + 18. Let f be s(-13). Determine x(f).
-12
Let i(j) = j**2 + 2*j + 4. Suppose -6 = 3*p - 18. Suppose -p*w - 7 = -5*a, -2*w + 1 = -w - 4*a. Give i(w).
7
Let y = 12 - 7. Suppose 4*i = -5*k + 24, 6 = i - y*k - 0. Let r(n) = n + 3. Determine r(i).
9
Let c(a) = -2*a**2 - 2. Let i(p) = -p - 1. Let t be i(-3). Give c(t).
-10
Let n(a) = 5*a - 2. Let l(u) = u - 8. Let x be l(6). Give n(x).
-12
Let c be 56/35 - 1*(-6)/15. Let t(m) be the third derivative of 0 + 1/8*m**4 + 0*m - 5/6*m**3 - c*m**2. What is t(4)?
7
Let d(x) = 4 - x + 1 - 3. Let i(t) = t**3 - 21*t**2 + 2*t - 40. Let y be i(21). What is d(y)?
0
Let p(c) = -2*c - 3. Let j(n) = -n - 3. Let t be j(-3). Let o be 1 + (-3 - t - 2). Give p(o).
5
Suppose -5 = -2*d + 1. Let x(q) be the first derivative of 1/2*q**2 + 2 + 0*q**d - 1/4*q**4 + 2*q. Give x(2).
-4
Suppose -c = -2 - 3. Suppose w = c*w + 3*g + 8, -4*w - 8 = -g. Let l be w/(-3)*(-3)/2. Let r(y) = -6*y. Give r(l).
6
Suppose 5 = 2*j - 1. Let s(p) = 3 + j*p**2 - 5*p**2 - 2 - 2*p - p**3. Let f(r) = r + 3. Let u be f(-5). Calculate s(u).
5
Let r(h) = 2*h**2 + 3*h + 2. Let m = -53 - -50. What is r(m)?
11
Let i(f) be the second derivative of -f**7/840 - f**6/360 + f**5/120 - f**4/12 - 5*f**3/6 - 4*f. Let d(q) be the second derivative of i(q). Determine d(-2).
0
Let d(w) be the third derivative of w**5/60 + w**4/24 - 5*w**3/3 - 21*w**2. Determine d(0).
-10
Let v(m) = m - 1. Let r be -3 - (-4 - -3)*-2. Let z(j) = j**2 - 9*j + 4. Let n(h) = r*v(h) - z(h). Let u(q) = q**2 - q - 2. Let d be u(3). What is n(d)?
1
Let c(g) = 9*g + 9 + 2*g**2 - 3*g + 4*g**3 + 4*g. Let l(u) = -3*u**3 - u**2 - 7*u - 6. Let w(x) = -5*c(x) - 7*l(x). What is w(3)?
-6
Let q(b) = -b**2 + 3*b - 5. Let j(z) = -2*z**2 + 6*z - 9. Let s(o) = 6*j(o) - 11*q(o). Let k be (0 - (-2)/(-6))*-15. Give s(k).
-9
Let h(c) = c**3 + 5*c**2 + 5*c + 6. Let n = -3 + 9. Suppose 8*r = n*r - 2. Let k be -3 + ((-4)/2 - r). Determine h(k).
2
Suppose -5*p - 4 = 11. Let b be p/((-6)/5)*2. Suppose 3*l - 3*y + b = 4*l, -4*y + 2 = -l. Let o(z) = -z**3 + 2*z**2 + z - 2. What is o(l)?
0
Let q(k) = 5*k**2 + 5*k - 4. Let o(d) = -4*d**2 - 6*d + 5. Let w(p) = -3*o(p) - 4*q(p). Give w(1).
-9
Suppose 0 = -2*x + q - 5, -2*x + 4*q - 7*q - 9 = 0. Let o(b) = -b**3 - 2*b**2 + 5*b + 4. Calculate o(x).
-2
Let o(d) be the third derivative of d**5/60 + d**4/24 + d**2. Suppose 3 = 2*c - 3*c. What is o(c)?
6
Let u(n) = -7*n + 4. Let d(t) = -3*t + 2. Let q = 30 + -9. Suppose -5*v + 3*c = 2*c - q, -19 = -5*v - c. Let h(j) = v*u(j) - 9*d(j). Determine h(4).
-6
Suppose b - 2*b = -2. Let z(j) = j - b - 3*j + 3*j. Let d be (-420)/(-80) - 2/8. Calculate z(d).
3
Let o(r) be the third derivative of -r**4/24 + r**3/6 + 11*r**2. What is o(4)?
-3
Let c be 63/(-18) - (-1)/(-2). Let f be (-14)/(-8) - c/16. Let s(t) = -t**3 + 5*t**2 - t - 2. Determine s(f).
8
Suppose 3 - 2 = -n - 3*v, -4 = 4*n + 4*v. Let o(y) = y - 1. Give o(n).
-2
Let y(h) be the third derivative of -h**6/120 + h**5/10 - h**4/12 - h**3/6 + 36*h**2. Give y(3).
20
Let w(v) be the second derivative of -v**4/12 - v**3/6 - v**2/2 - 24*v. Calculate w(-2).
-3
Let x(t) = -3*t**3 + 3*t**2 + 3*t**3 + 2 - t**3 + 4*t + 2*t**3. Suppose 4*w - 3*d = -5*d - 10, -5*d - 4 = 3*w. Give x(w).
-10
Let x(z) be the second derivative of -4*z**3/3 + 15*z - 1. Determine x(-4).
32
Let i(v) = -v**3 - 7*v**2 + 3. Let h be (-1 + -2 + 5)/2*-7. What is i(h)?
3
Let w(r) be the first derivative of -2*r**3 + 4 - 1/4*r**4 - 7*r - 7/2*r**2. Give w(-5).
3
Let d(r) = r + 2. Let f(m) = -m**2 - 3*m. Let i be f(-3). What is d(i)?
2
Let z(k) = -k + 2. Let w be z(3). Let t(b) = -b - 2619*b**3 + 2618*b**3 + 2*b. Determine t(w).
0
Let f(q) be the third derivative of q**7/5040 - q**6/80 + q**5/15 + q**2. Let a(m) be the third derivative of f(m). What is a(4)?
-5
Let i(k) be the first derivative of -2*k + 1/3*k**3 + 3 - 1/2*k**2. Determine i(0).
-2
Let p(w) = 6*w**3 + 8*w**2 - 10*w - 7. Let y be 1/(1/(-1 + 2)). Let n(h) = h**3 + h**2 - h - 1. Let c(o) = y*p(o) - 5*n(o). Determine c(-4).
2
Suppose -1 = -2*q - 13. Let g = -3 - q. Let b(t) = -2*t + 0 + g*t + 2. Determine b(-4).
-2
Let k(y) be the second derivative of -1/20*y**5 - 1/3*y**3 - 1/4*y**4 + y - 3/2*y**2 + 0. Calculate k(-2).
-3
Let q(v) be the third derivative of -3*v**4/8 - v**3/6 + v**2 - v. Wh